6?
8
What is the thousands digit of 107438591?
8
What is the hundred thousands digit of 1064275681?
2
What is the hundreds digit of 32566421?
4
What is the ten thousands digit of 1154244418?
4
What is the millions digit of 631581203?
1
What is the millions digit of 784447903?
4
What is the ten millions digit of 3954106015?
5
What is the hundred thousands digit of 57199367?
1
What is the ten thousands digit of 1000184278?
8
What is the millions digit of 53022381?
3
What is the thousands digit of 469092898?
2
What is the ten thousands digit of 1550463875?
6
What is the units digit of 395416239?
9
What is the units digit of 41343590?
0
What is the units digit of 1748481998?
8
What is the tens digit of 2903318524?
2
What is the thousands digit of 19732586?
2
What is the thousands digit of 445751?
5
What is the thousands digit of 122555507?
5
What is the tens digit of 164283565?
6
What is the millions digit of 4024637191?
4
What is the hundreds digit of 162404970?
9
What is the millions digit of 79986908?
9
What is the hundreds digit of 12811054?
0
What is the hundred millions digit of 1022695942?
0
What is the units digit of 649797678?
8
What is the ten thousands digit of 61720428?
2
What is the hundreds digit of 15566440?
4
What is the thousands digit of 67839714?
9
What is the hundreds digit of 261727586?
5
What is the ten millions digit of 316069527?
1
What is the hundred thousands digit of 648814396?
8
What is the tens digit of 26594849?
4
What is the ten thousands digit of 8448569?
4
What is the units digit of 6004814622?
2
What is the hundreds digit of 136721366?
3
What is the tens digit of 1251612434?
3
What is the billions digit of 7620024236?
7
What is the thousands digit of 56618368?
8
What is the hundred millions digit of 589786494?
5
What is the hundreds digit of 737487387?
3
What is the hundreds digit of 21484398?
3
What is the hundred thousands digit of 1275462381?
4
What is the units digit of 143301216?
6
What is the tens digit of 3942801426?
2
What is the thousands digit of 7353007?
3
What is the ten millions digit of 2231079842?
3
What is the thousands digit of 319058935?
8
What is the hundreds digit of 895495189?
1
What is the units digit of 1061428231?
1
What is the ten millions digit of 6028582083?
2
What is the hundred millions digit of 1485700714?
4
What is the ten thousands digit of 708603209?
0
What is the tens digit of 201698254?
5
What is the millions digit of 1013147766?
3
What is the ten millions digit of 1932125174?
3
What is the hundreds digit of 2282499209?
2
What is the ten thousands digit of 131962427?
6
What is the millions digit of 4677867?
4
What is the hundred millions digit of 6344575551?
3
What is the millions digit of 5020803862?
0
What is the ten millions digit of 51195165?
5
What is the hundreds digit of 1806205?
2
What is the ten millions digit of 20725264?
2
What is the units digit of 88789549?
9
What is the units digit of 328053699?
9
What is the tens digit of 25555282?
8
What is the tens digit of 358368482?
8
What is the hundred millions digit of 325946449?
3
What is the millions digit of 616104158?
6
What is the millions digit of 1034784705?
4
What is the ten millions digit of 1231026530?
3
What is the ten thousands digit of 29935394?
3
What is the tens digit of 73902405?
0
What is the hundreds digit of 51068284?
2
What is the hundreds digit of 226693845?
8
What is the billions digit of 1579637187?
1
What is the thousands digit of 3869608891?
8
What is the hundred millions digit of 1677036546?
6
What is the ten thousands digit of 4383378830?
7
What is the millions digit of 1424417850?
4
What is the millions digit of 479950150?
9
What is the millions digit of 843436094?
3
What is the units digit of 115298596?
6
What is the millions digit of 771014411?
1
What is the ten thousands digit of 661889785?
8
What is the ten millions digit of 3260172478?
6
What is the units digit of 70507064?
4
What is the hundred thousands digit of 283524060?
5
What is the hundred millions digit of 109444244?
1
What is the tens digit of 55658047?
4
What is the hundred millions digit of 4412351500?
4
What is the hundreds digit of 526481217?
2
What is the hundred thousands digit of 867118521?
1
What is the millions digit of 835098449?
5
What is the ten millions digit of 71068962?
7
What is the tens digit of 262712394?
9
What is the hundreds digit of 118822076?
0
What is the hundred thousands digit of 2679639536?
6
What is the ten millions digit of 205170350?
0
What is the thousands digit of 1338776288?
6
What is the units digit of 159213066?
6
What is the tens digit of 243526724?
2
What is the units digit of 154101059?
9
What is the billions digit of 2607591773?
2
What is the hundred thousands digit of 673613837?
6
What is the hundred thousands digit of 255000038?
0
What is the hundreds digit of 1903200840?
8
What is the ten millions digit of 3642868888?
4
What is the tens digit of 1487370172?
7
What is the ten thousands digit of 4869128893?
2
What is the thousands digit of 1141862050?
2
What is the units digit of 67260972?
2
What is the tens digit of 244749058?
5
What is the ten thousands digit of 632992621?
9
What is the ten millions digit of 3730824406?
3
What is the hundred thousands digit of 127921352?
9
What is the hundreds digit of 1091976972?
9
What is the ten millions digit of 965743334?
6
What is the units digit of 40223001?
1
What is the units digit of 250096423?
3
What is the hundred millions digit of 177087408?
1
What is the hundred millions digit of 3887605506?
8
What is the units digit of 241821381?
1
What is the units digit of 74165303?
3
What is the thousands digit of 2647973456?
3
What is the ten thousands digit of 37670547?
7
What is the hundreds digit of 185664613?
6
What is the tens digit of 510782504?
0
What is the thousands digit of 571424305?
4
What is the hundred thousands digit of 374813889?
8
What is the hundreds digit of 42070294?
2
What is the millions digit of 34105230?
4
What is the hundreds digit of 11370900?
9
What is the ten thousands digit of 394708561?
0
What is the hundred millions digit of 1146704857?
1
What is the hundreds digit of 87968217?
2
What is the ten millions digit of 37582768?
3
What is the millions digit of 3360360?
3
What is the hundreds digit of 3380031777?
7
What is the tens digit of 88062205?
0
What is the thousands digit of 54959574?
9
What is the hundred thousands digit of 121994265?
9
What is the ten thousands digit of 293702548?
0
What is the millions digit of 72092522?
2
What is the hundred thousands digit of 270367638?
3
What is the millions digit of 4309518?
4
What is the ten thousands digit of 41013232?
1
What is the hundreds digit of 2062433421?
4
What is the thousands digit of 643197994?
7
What is the hundreds digit of 4646670?
6
What is the hundred millions digit of 301793760?
3
What is the hundred millions digit of 2827414312?
8
What is the ten thousands digit of 47832005?
3
What is the units digit of 44367323?
3
What is the hundreds digit of 159580531?
5
What is the thousands digit of 180923357?
3
What is the billions digit of 1262317598?
1
What is the tens digit of 36570048?
4
What is the hundreds digit of 1643907020?
0
What is the tens digit of 1010008760?
6
What is the units digit of 169241189?
9
What is the ten thousands digit of 180223015?
2
What is the ten thousands digit of 4177174241?
7
What is the millions digit of 1913126938?
3
What is the thousands digit of 17912120?
2
What is the units digit of 329554957?
7
What is the ten millions digit of 347323001?
4
What is the ten thousands digit of 1313388061?
8
What is the ten millions digit of 13606956?
1
What is the billions digit of 1520799259?
1
What is the units digit of 497837601?
1
What is the millions digit of 63466923?
3
What is the hundred thousands digit of 106851620?
8
What is the ten thousands digit of 167484661?
8
What is the ten thousands digit of 108757858?
5
What is the hundreds digit of 1046261627?
6
What is the hundred millions digit of 1255744303?
2
What is the units digit of 1052203476?
6
What is the hundreds digit of 247651401?
4
What is the units digit of 5054798901?
1
What is the millions digit of 2615351182?
5
What is the millions digit of 821659895?
1
What is the ten millions digi